ors of 20/(400/12) + 12144/10.
3, 5
Suppose -6*i - 1809 = -9*i + 3*d, -2412 = -4*i - 3*d. List the prime factors of i.
3, 67
List the prime factors of 2 + 605 + (-2 - -7) - -3.
3, 5, 41
Suppose -4*h - 132 = -5*h. Let t = h + -9. What are the prime factors of t?
3, 41
Let z = -19 + 25. Let x(b) = 3*b**2 + b + 1. Let j be x(-1). Suppose 0 = z*m - m + t - 97, m - 29 = j*t. What are the prime factors of m?
2, 5
Suppose 4*x - 5*g = 73 + 101, 2*x - 86 = 3*g. Suppose 0 = -2*t - 12 + x. List the prime factors of t.
17
Suppose 101*x - 91*x - 17100 = 0. What are the prime factors of x?
2, 3, 5, 19
Let q be (6/(-4))/((-162)/216). Suppose 0 = -2*j + 4. Suppose b - j = q. What are the prime factors of b?
2
List the prime factors of (-918)/(1 + 4 - 6) - 1.
7, 131
Suppose -2*a + 2557 = -g, a + 3*a = -g + 5105. What are the prime factors of a?
1277
Let f = -2102 + 2797. What are the prime factors of f?
5, 139
Suppose 2*s + s - 3*f - 9915 = 0, 0 = -2*s + 5*f + 6622. List the prime factors of s.
3301
Let a(v) be the first derivative of 8*v**3/3 - 2*v + 1. Let h = -60 - -62. List the prime factors of a(h).
2, 3, 5
Let n(h) = h**3 - 11*h**2 + 20*h - 15. Let v be n(8). Let y = v - -74. List the prime factors of y.
3
Suppose -4*d + 9 - 1 = 0. Suppose 4*u - 179 = -5*a, -5*u + 3*a - d*a = -260. Suppose 6 - u = -3*q. What are the prime factors of q?
3, 5
Let n = -15 + 24. Suppose -n = -2*w - 5. Suppose 160 = w*s + 50. List the prime factors of s.
5, 11
What are the prime factors of 3/(((-126)/1246)/(-9))?
3, 89
Let g = -2898 - -7444. List the prime factors of g.
2, 2273
Suppose 5*h = 5*j, -4*h + 9*h - 28 = -2*j. Suppose z = -j*v + 47, 2*z = -0*z + v + 94. List the prime factors of z.
47
Let q(b) = -28*b + 21. Let m be q(-7). Let t = m - 120. List the prime factors of t.
97
Let s = 23 - 22. Let w(l) = 9*l + 1. Let y be w(s). Let q = 11 + y. What are the prime factors of q?
3, 7
Let t(u) = u**3 + 6*u**2 + u - 6. Let j = -2 + 7. Suppose -x = 2*b + 9, -j*x = -0*b + b. List the prime factors of t(b).
2, 7
Let y = -807 + 2237. List the prime factors of y.
2, 5, 11, 13
Suppose 13*z - 2424 = 5*z. Let m = z + -153. List the prime factors of m.
2, 3, 5
Let r(j) = -3*j - 4. Let k(v) = v**3 + 11*v**2 - 11*v + 16. Let i be k(-12). Suppose 3*z - i*b = -2*b - 15, 5*z = b - 32. What are the prime factors of r(z)?
17
Suppose 1 = -h + 6. Suppose 0 = -h*f + 3*f + 188. What are the prime factors of f?
2, 47
Suppose -p + 5454 = 3*u, 10*p = 3*u + 5*p - 5454. List the prime factors of u.
2, 3, 101
Let t = 1847 + 417. What are the prime factors of t?
2, 283
Suppose 4*p = j + 23, 3*p - j - 41 = -5*j. Suppose 964 + 338 = p*g. List the prime factors of g.
2, 3, 31
Suppose -4*x - 3*r = -1, 4*x = -0*x - 5*r + 7. List the prime factors of (-2 - (5 + -36)) + x/1.
3
Let v = -647 - -735. What are the prime factors of v?
2, 11
Let o = 192 + -90. Let h = o + 11. What are the prime factors of h?
113
Let s = -254 + 157. Let g = 100 + s. What are the prime factors of g?
3
Let j be (-23 + 3)*(3 + (-101)/(-5)). Let f = -277 - j. List the prime factors of f.
11, 17
Suppose 2 = -6*m + 14. Suppose 3*v = m*w - 471, 952 = 4*w - 0*w - 4*v. What are the prime factors of w?
3
Suppose 2*d - 3*q - 641 = -0*q, -4*q = 2*d - 648. Suppose 2*o + 2*c - d = 0, 0*c + 832 = 5*o - 4*c. List the prime factors of o.
2, 41
Let d(n) = -n**2 + 12*n + 5. Let h be d(12). Suppose 2*w - w - 700 = -3*b, 0 = h*b + 5*w - 1150. Let k = b + -165. What are the prime factors of k?
2, 5, 7
Let w = -3 + 142. Suppose -w*n + 843 = -136*n. What are the prime factors of n?
281
Suppose 2*f = -2*f - 188. Let n = -124 - -192. Let c = f + n. What are the prime factors of c?
3, 7
Let t = -16 + 109. Let y = t - 23. Suppose -3*l + 4*w - 72 = -7*l, 5*l + w - y = 0. List the prime factors of l.
13
Let o(z) = -1551*z - 26. What are the prime factors of o(-1)?
5, 61
Let n be 6/(-4)*10/(-3). Suppose h - 5*h + 11 = -n*u, 0 = 2*h - u - 1. What are the prime factors of (3 + -2)/(h/(-19))?
19
Suppose 4*h = 2*h + 10. Suppose 5*z = -h*d + 205, 0*z + z - 176 = -4*d. List the prime factors of d.
3, 5
List the prime factors of -3 - 2 - (-1859 + (-5 - -11)).
2, 3, 7, 11
Let s(d) = -3 - 2 + 0*d + 24*d. Let y be s(2). Suppose x - y = -5*l, 0 = -x + l + 15 + 10. List the prime factors of x.
2, 7
Let a(z) = z**3 - 12*z**2 + 3*z + 12. Let d be a(13). Let p = d + -96. What are the prime factors of p?
2, 31
Suppose 0 = -15*g + 22874 + 9241. List the prime factors of g.
2141
Let n be 8 + -1 - 2/(-2). Let y(x) be the first derivative of -x**3/3 + 9*x**2/2 - 5*x + 14. List the prime factors of y(n).
3
Let r = 851 + -397. What are the prime factors of r?
2, 227
Let z(p) be the second derivative of -p**5/24 - 19*p**4/24 - p**3/3 - 5*p. Let d(i) be the second derivative of z(i). What are the prime factors of d(-13)?
2, 23
Suppose -7*a = -3*a - 136. Let q = -2 + a. List the prime factors of q.
2
Suppose 25 - 61 = -4*z. What are the prime factors of (-2)/(-3) - (-687)/z?
7, 11
Let b(d) = -110*d + 170. List the prime factors of b(-2).
2, 3, 5, 13
Suppose 3*q + 531 = 2871. List the prime factors of q.
2, 3, 5, 13
Let i be (-6)/(-2)*64/12. Suppose 4*w - 42 - 38 = 0. Suppose -l = -2*v - i, -4*v = v + w. List the prime factors of l.
2
Let v(s) = -s + 3. Let u be v(3). Let t(p) = -p**2 - 8*p. Let w be t(-4). Suppose u*k - w = -4*k. What are the prime factors of k?
2
Let i be -1 + -1 + 5 + (-2 - -2). Suppose -i*f - 3*a = -744, -f + 4*a - 7*a + 250 = 0. List the prime factors of f.
13, 19
Suppose -242 - 100 = -3*g. List the prime factors of g.
2, 3, 19
List the prime factors of 234*((-28)/8)/((-9)/12).
2, 3, 7, 13
List the prime factors of (5084/(-287))/(2/(-14)).
2, 31
Let x = -161 + 244. List the prime factors of x.
83
Suppose 18*l - 11103 = 7761. What are the prime factors of l?
2, 131
Let m = -1773 - -2570. What are the prime factors of m?
797
Let j = -57 + 93. Suppose 0 = -4*k + 3*q - j, 5*k = -0*k + 2*q - 38. Let u(z) = -2*z + 14. What are the prime factors of u(k)?
2, 13
Let z be ((-3)/(-9))/((-2)/(-12)). Let c be z/13 + (-378)/(-78). Suppose -c*d = -d - 36. What are the prime factors of d?
3
Let v(t) = -10*t**3 + 3*t - 2. Let k be v(1). Let c = k + 13. Suppose 189 = c*h - o, o + 0*o + 141 = 3*h. List the prime factors of h.
2, 3
Let z(w) = w**3 + w**2 - 14*w + 27. List the prime factors of z(7).
3, 107
Let w = -4 - -9. Suppose 109 = -4*u + w*u. List the prime factors of u.
109
Let l = 1298 + -424. What are the prime factors of l?
2, 19, 23
What are the prime factors of 368*4 + 14*4/28?
2, 11, 67
Let w(n) = -n + 2. Let o be w(9). Let d = 4 - o. Let h = d + 3. List the prime factors of h.
2, 7
Let k = -196 + 232. What are the prime factors of k?
2, 3
Let j(f) = 2*f**3 + 2*f**2 + f + 1. Let x(u) = -3*u**3 - 2*u**2 - 1. Let o(n) = -3*j(n) - 4*x(n). List the prime factors of o(2).
3, 17
Let q(h) = -h**3 + 5*h**2 - 3*h + 4. Suppose m + 35 = 5*y + 6*m, y = -4*m + 16. Let t be q(y). Let v = t + 12. List the prime factors of v.
2, 5
Let l be ((-3)/(-4))/(3/4). List the prime factors of (l - 43)*(-60)/35.
2, 3
Suppose -2*z - 18011 = -33*z. What are the prime factors of z?
7, 83
Suppose 2*t - 2*c = 16, 0 = 4*t + 4*c - 1 - 7. Suppose 4*v + t*m + 33 = 0, 2 = -2*m - 8. List the prime factors of (-96)/2*v/6.
2
Let u(a) be the third derivative of a**5/10 - a**4/24 + 2*a**3/3 + 12*a**2. List the prime factors of u(2).
2, 13
What are the prime factors of (-5892)/(-24)*(-1 - -3)?
491
Let q be (-9)/4*(-8)/(-3). List the prime factors of (-4)/q*459/18.
17
Suppose 0 = l - p - 11, 2*l - 2 - 17 = 5*p. Suppose -3*q = 3*v - 8*q - 308, 3*q + l = 0. List the prime factors of v.
2, 3
Let t be ((-300)/(-70))/((-2)/(-14)). Suppose -i + t = 4*i. Suppose -58 + i = -4*n. What are the prime factors of n?
13
Suppose -1500 = -3*d - 4*p, -3*d = -8*d - 3*p + 2511. What are the prime factors of d?
2, 3, 7
List the prime factors of (-17)/(204/(-22016))*3/2.
2, 43
Suppose 10*y - 14499 = y. What are the prime factors of y?
3, 179
Let g = 29 + -23. Let f be 69*-2*2/g. What are the prime factors of f/(-10) + 12/(-20)?
2
Let s be (-135)/(-9)*1/(3/(-13)). Let v = 108 + s. List the prime factors of v.
43
List the prime factors of ((-8)/4 - (-4203)/18)*10.
5, 463
Let n = -1 - -3. Let g = n + -2. Suppose g = -8*h + 9*h - 16. Wha